-8 - (4 + 1)) + 8.
-4
Calculate -6 + 3 - (6 - 9).
0
Calculate -10 - -7 - -9 - 1.
5
What is -242 + 255 + -16 + -1?
-4
5 - (-5 - ((-1 - 3) + 1))
7
-50 + 52 - (-1 + 6)
-3
0 - 1 - (13 + -6 - 4)
-4
3 + 1 + (-11 + 1 - -3)
-3
Evaluate 0 + -4 - (1 + -6) - -3.
4
What is 4 - 2 - 0 - (15 + -16)?
3
What is the value of (2 - -6) + (25 - 35)?
-2
Evaluate -18 + 25 + (2 - 10).
-1
What is the value of (-8 - 3) + (13 - 10 - -3)?
-5
Calculate (8 - 1) + (-172 - -166).
1
Evaluate -1 + -1 + 1 + -1.
-2
Evaluate (1 - -3) + (-1 - 2) - 4.
-3
What is 0 - 4 - (2 + -1)?
-5
What is (1 - 3) + (-9 - -9)?
-2
What is the value of -3 + -1 + 1 - (-19 - -14)?
2
What is the value of 8 + (-2 - 6) + (-3 - 1)?
-4
Evaluate 20 + -15 - (8 + -1) - 4.
-6
What is (0 - (7 + -8)) + (-6 - 1)?
-6
What is the value of (-1 + 6 - (1 - -3)) + 3?
4
What is the value of 42 + -32 - (12 + -1)?
-1
Calculate -178 + 170 - (-1 - 4).
-3
Evaluate 0 + -6 - (-3 + 2).
-5
What is the value of -1 - -10 - (11 - -3 - 10)?
5
6 + (-1 - 6) - -5
4
What is the value of -36 + 34 - (-1 + -1)?
0
Calculate -2 - (2 - (0 - 0) - 6).
2
(0 - (13 - 15)) + -11
-9
Calculate 3 + -1 - (1 + (-4 - -4)).
1
Evaluate 7 - (6 - (7 + -9)).
-1
What is -3 + 5 - (15 - (2 - -3))?
-8
Calculate -10 - (-5 - -2 - 2).
-5
What is the value of -4 + -5 + 14 + 0?
5
(-11 - -14) + (1 - -1 - 2)
3
What is (-8 - -6) + 7 - 7?
-2
2 + (-2 - -9 - (5 - 1))
5
What is the value of 3 + (5 - (7 + 2))?
-1
Evaluate (-5 - (0 - 4)) + 2.
1
What is the value of (-2 - 3 - -8) + -4 + 2?
1
What is the value of 1 - (-16 - (8 - 17))?
8
9 + -8 - (2 + (4 - 2))
-3
What is (0 - (-6 + 1)) + -14 - -4?
-5
Calculate 5 + -14 - (-2 - (1 + 1)).
-5
What is the value of -2 - 1 - (-2 - (-1 + 1))?
-1
Calculate (17 - 5 - 17) + 1 + 12.
8
(-2 - -15) + -2 + -13
-2
What is the value of -7 + 3 + -1 + 11?
6
Calculate 4 - (8 - (2 - 1) - 8).
5
What is the value of 7 + (-4 - 2 - -4) + 1?
6
2 + (2 - (3 + -4)) - 3
2
What is the value of 313 + -316 + (-1 - (3 - 1))?
-6
5 - ((3 + -5 - -7) + -1)
1
Calculate -4 + 2 + 3 + (-3 - -4).
2
Evaluate 4 + -3 + (0 - -1).
2
Evaluate (3 - -1 - (10 + -2)) + 3.
-1
Evaluate -1 - 4 - (1 - -1 - 6).
-1
Calculate (-5 - (1 - 1)) + 2 - 1.
-4
Calculate -9 + (8 - 4) + 4.
-1
What is the value of 0 + (5 - 8) + -12 - -4?
-11
What is (1 - 1) + 2 + 1 - 8?
-5
What is (6 - 12) + (2 - 0) + 7?
3
Evaluate -2 + (3 - 3) + (-2 - -5).
1
Evaluate 2 - 2 - (-2 - 2).
4
What is the value of -133 + 127 - (1 - 1 - 3)?
-3
(-1 - -8) + -2 + -4
1
-4 + 4 + -2 + 2
0
What is -2 + 7 - 2 - -1?
4
-1 - 0 - (-119 - -121)
-3
Calculate -6 + 0 - (37 + -47).
4
Evaluate -4 + (6 - (0 + 1 + -2)).
3
What is the value of -5 + (8 + 1 - 11)?
-7
What is (-5 - (-2 - 4 - 2)) + -6?
-3
Evaluate (-4 - -4) + 0 + 3.
3
Calculate -3 + 7 + -1 + 0 + 1.
4
Evaluate (6 - (-8 + 20)) + 5.
-1
What is -3 - (-8 + (-3 - -6) + -3)?
5
Evaluate -8 - -7 - (-6 - -1).
4
-8 + -1 - (6 - 18)
3
What is 19 + -3 + 13 + -21?
8
Evaluate -3 - -3 - (9 - 6).
-3
What is the value of 0 + -5 + (-2 - -3)?
-4
What is (-5 + 20 - 2) + -7?
6
What is the value of 13 + -21 + -1 + -1 + 7?
-3
Calculate 4 + 2 + (1 + 2 - 4).
5
Calculate -3 + -1 + 2 + 16 + -17.
-3
Evaluate 8 + (-7 - -4) - 3.
2
3 + 6 + -5 + 3 + 0
7
Calculate 380 + -384 + 8 + (-1 - -1).
4
What is -11 + 5 - (-12 - -6)?
0
3 + (3 - 4) - -3
5
(-1 + (-1 - 1) - -3) + -3
-3
What is (-2 - -1 - -2) + 5 + -7?
-1
What is the value of 0 - -3 - (7 + -9)?
5
Evaluate (-3 - (-3 - 3)) + -4.
-1
-1 + -2 + (0 - -3) + -6
-6
-1 + (10 + (-1 - 3) - 4)
1
-6 + (-5 - -4 - 1 - -4)
-4
Evaluate -10 + -16 - -14 - (-1 + -2).
-9
What is -13 + 7 + -5 - -8?
-3
5 + -2 + (-6 - 0)
-3
What is the value of (1 - -18 - 2) + (-30 - -23)?
10
What is -1 - (1 - (-7 - -4))?
-5
What is the value of (-1 - 1) + (0 + 1 - 3)?
-4
What is the value of 0 + (4 + 2 - 7)?
-1
Calculate -4 + 7 - (6 - -1).
-4
Calculate 0 + (6 - 3 - 6) - -3.
0
Calculate 7 + 2 - (5 - 1) - -1.
6
Calculate (7 - (-3 + 7)) + -1 + 1.
3
0 + 0 - (15 - 15)
0
What is the value of 1 + 13 + -12 + (3 - -2)?
7
What is -9 + (0 - -10 - 5)?
-4
What is (-41 + 14 - -12) + (2 - -6)?
-7
-7 + (-20 - -7) + 15
-5
Calculate 23 + -25 + (-6 - -2 - -4).
-2
What is -1 + (8 + -5 - 4) + 7?
5
-4 - -1 - (-5 + (-7 - -8))
1
-4 + 4 + (5 - 5) - -5
5
What is 6 + (-4 - 3) + 4?
3
What is the value of 1 + (3 - 4) + 2 + -1?
1
-5 - (1 + (-4 - -2))
-4
What is -6 + (9 - -4) + -1?
6
Calculate -9 - (-3 - 1) - -5.
0
What is 2 - -4 - (-1 + 9)?
-2
Evaluate -1 - -5 - -8 - 4.
8
Calculate -3 + (-4 - -4) - (-11 + 1).
7
Evaluate -27 - -22 - ((-2 - 0) + -2).
-1
Calculate 8 + 1 + -2 + -6 + 4.
5
What is -51 + 67 + (3 + -2 - 7)?
10
(1 - 3) + 3 + 1
2
What is the value of 3 + (0 - 0) + -2 - -1?
2
Calculate 0 - (1 + 0) - (36 + -32).
-5
What is 1 + 4 + -4 + (-1 - -5)?
5
What is the value of -2 + 1 + 4 + -2 + 1?
2
Calculate -2 + -1 + (-2 - -9).
4
What is (6 - 2) + (-7 - -6)?
3
Evaluate -4 - -2 - ((-5 - -4) + 2).
-3
What is the value of 5 + -6 + 11 + 4 + -10?
4
(5 - (4 + 2)) + 0 + 2
1
What is the value of -11 + 0 + (-89 - -99)?
-1
Evaluate (2 - (-6 - -4)) + -3.
1
What is the value of 4 - (-2 - -2) - 7?
-3
Evaluate -2 + 2 + 2 + 2.
4
What is the value of 0 + -1 - (8 + -10)?
1
What is (0 - (-1 - 3)) + (0 - 1)?
3
Evaluate 3 + -4 + (4 - -1) + -6.
-2
What is the value of -11 + (24 - (12 - 3))?
4
What is the value of (-15 - 4) + (9 - (9 + -8))?
-11
What is 1 + 5 - (5 + (16 - 22))?
7
Calculate 0 + 2 + 1 + -5 + 5.
3
What is (5 - 12) + 7 - (-5 - 0)?
5
What is 8 + -6 + (3 - 2) + 5?
8
Evaluate 0 - (-4 + (1 - 1)).
4
What is the value of 0 - (-13 - -8) - 11?
-6
What is the value of (0 - -2) + (-3 - -1)?
0
What is -1 + -4 + 3 - -1?
-1
(-4 - 4) + 1 + 5
-2
Evaluate -3 - -4 - (-4 - (5 - 13)).
-3
Calculate (3 + 5 - 2) + -7.
-1
Calculate 0 + -7 - (-1 + -4 + 2).
-4
Calculate 2 + -3 + 3 + -2.
0
1 - (9 - (-6 + 10))
-4
Evaluate (-5 + (-3 - -2) - -9) + 1.
4
Evaluate -7 + (11 + -5 - -5).
4
What is the value of 136 + -132 - (-2 + 14)?
-8
What is the value of (7 - 5) + -12 + (-1 - -6)?
-5
Evaluate -1 + (0 - (-3 + 4 + 2)).
-4
What is the value of (4 - 3) + 2 + -2?
1
1 + (4 - 9 - -7)
3
What is (8 - 0) + -6 + 0 + 3?
5
What is the value of -8 - (-8 + 9 + -6)?
-3
What is (-7 - -8) + -1 - -2?
2
Evaluate (-2 - 1) + -25 + 31.
3
Evaluate 8 - (3 + -2 + 2) - 6.
-1
What is -9 + 2 + (-5 + 8 - -1)?
-3
-3 - (-5 - -3) - (2 + -4)
1
Evaluate 5 + 0 + 5 + -14.
-4
What is 6 + -2 + 0 + (3 - 4)?
3
What is (-40 - -32) + -2 + 5?
-5
(-3 - 1) + 13 + (2 - 5)
6
-2 + (-1 - -5 - 1)
1
Evaluate 3 + (1 - 5 - -4).
3
2 - (2 + -3 + 0)
3
Evaluate -6 + 9 - (-4 + (0 - -3)).
4
Evaluate (8 - 9 - -6) + 1 + -1.
5
-1 + 0 + 10 + -85 + 82
6
What is (0 + (-2 - 0) - 10) + 3?
-9
What is (1 - 2 - (5 + -11)) + -11?
-6
-4 - (-3 + 1 + (1 - 2))
-1
Evaluate 2 + (3 - -3 - 4).
4
-2 + 3 + (-8 - 1) + 4
-4
Evaluate -7 + -6 + 7 - (-2 + -3).
-1
Evaluate -2 - (8 + -1 + -4).
-5
What is the value of 1 - -5 - (2 + -3 + 5)?
2
What is the value of (0 - (0 - -3)) + -5?
-8
Evaluate 0 + (5 - 4) + 3.
4
9 - (-2 + 17) - -2
-4
(-30 - -34) + -7 + (-1 - 0)
-4
What is the value of (10 - 5) + 2 + -1?
6
Calculate -1 + 0 + 22 + -20.
1
What is the value of 11 + -6 + (-2 - 3)?
0
What is (-4 - 0 - (41 - 51)) + -3?
3
Evaluate -3 - -2 - (-2 + 6).
-5
Calculate 3 + 1 - (2 - 16 - -18).
0
Evaluate -2 + -3 + 2 + 3 + 1.
1
-31 + 41 - (10 + 1)
-1
Evaluate -8 - (1 - (1 - -3 - -2)).
-3
What is the value of (8 - 18) + 12 + (-8 - 0)?
-6
What is the value of -3 + 12 + -6 - 3?
0
What is the value of (-11 - -5) + -1 + 1 - -5?
-1
What is the value of -11 - (-3 - (3 - 2))?
-7
What is 8 - 5 - 2 - 4?
-3
Evaluate -5 + (3 - -9) + (18 - 22).
3
What is -12 + (22 - 8) + -7?
-5
Evaluate 1 + (11 - (13 + -5)).
4
What is 4 - (-7 + 6 - -1)?
4
Calculate 9 + -8 - (-9 + 3).
7
What is (7 - (-12 - -26)) + 14?
7
Calculate (-15 - -5) + 5 - -3.
-2
What is the value of (-4 - -7) + 2 + -2 - 8?
-5
Calculate 4 + (5 - 6) + (0 - 1).
2
What is the value of 2 - 1 - (3 - (4 - -3))?
5
What is (-2 - -7) + -2 - 1?
2
What is the value of 1 - (-1 - 4 - -1)?
5
What is the value of -2 + (4 - 9) + 11?
4
What is -5 + 3 + 2 - 3?
-3
1 + (0 - (3 + -2 - 1))
1
What is (-2 - -3) + -1 + -4?
-4
What is the value of (2 - 5) + 3 + 5?
5
Evaluate 0 + (-2 - (2 + -4)).
0
Calculate 4 + (-5 - 0) - -7.
6
0 + 7 - (6 - 5) - 2
4
What is (-3 + (-5 - -5) - 4) + 6?
-1
What is the value of 3 + 4 + 2 - 8?
1
-9 + 4 + -1 + 1
-5
Evaluate 6 +